 Suppose 4*w = 12 - f. What are the prime factors of w?
3
Suppose 0 = -74*z + 104*z - 167730. What are the prime factors of z?
5591
Let p = 117 + 479. List the prime factors of p.
2, 149
Let l = 98 - 97. Suppose i - 10 = 3. Let w = i - l. What are the prime factors of w?
2, 3
Suppose 0 = 5*z + 4*z - 5580. List the prime factors of z.
2, 5, 31
Let a(l) = -15*l. Let o be a(-3). Let q be 16/40 - (-2)/(-5). Suppose -z - 63 = -4*f, 0*f + 3*f - 3*z - o = q. What are the prime factors of f?
2
Let b(s) be the third derivative of -2/15*s**5 + 0*s + 1/8*s**4 + 5/6*s**3 - 9*s**2 - 1/120*s**6 + 0. List the prime factors of b(-9).
59
What are the prime factors of (20 - 27)/((1/(-149))/1)?
7, 149
Let f be 6/(2 - (-8)/(-6)). Suppose 772 = f*p - 587. List the prime factors of p.
151
Let x be 5426/10 + (-6)/10. Let q = x + 921. List the prime factors of 2/(-16) + q/56.
2, 13
Let n(x) = -5*x + 2*x**2 + 3 + x**2 + x. Let y(v) = v**2 - 6*v - 25. Let s be y(9). What are the prime factors of n(s)?
7
Suppose f - 1100 = -5*p, 0 = -3*f + 2*p + 1978 + 1254. List the prime factors of f.
2, 3, 5
Let j(v) = 195*v**2 - 66*v - 209. What are the prime factors of j(-3)?
2, 109
Let w = -14 - -12. Let i be ((-6)/(-6))/(w/(-24)). Suppose 0 = 4*r - 5*f - 52, -r = -2*r - 5*f - i. List the prime factors of r.
2
Suppose 3*d + 2*m = 58, -107 = -5*d + 4*m + 19. What are the prime factors of (-2128)/(-154) + 4/d?
2, 7
Let w = 13 - 13. Suppose -v + 125 + 181 = w. Suppose 10*b - v = b. List the prime factors of b.
2, 17
Suppose 0 = -2*b - 4*m + 16, -3*b = -8*m + 3*m + 31. Let u = b - -24. What are the prime factors of u?
2, 11
Let i = -385 + 695. Suppose -3*f - i = -5*f. Suppose v - 3*o = -v + 62, -5*v - 4*o + f = 0. List the prime factors of v.
31
Let g = 1022 + 58. Suppose 0 = -11*z + 6*z + g. What are the prime factors of z?
2, 3
Suppose 10*n = 17*n - 1470. What are the prime factors of n?
2, 3, 5, 7
Let q(w) = 293*w + 464. What are the prime factors of q(6)?
2, 11, 101
Let x = -278 - -533. Suppose -12*p + 11*p + x = 0. List the prime factors of p.
3, 5, 17
Suppose -4*n = 2*n + 54. List the prime factors of 16/2 - n*(-2)/(-6).
11
Let n(i) = i**2 - 5*i. Let g be n(7). Let y = 3 + g. List the prime factors of y.
17
Suppose -5*q = -4*q - 2*w + 5, 3*q = 2*w - 19. Let u(c) = -21*c - 31. List the prime factors of u(q).
2, 29
Let p(v) be the first derivative of v**3/3 + 6*v**2 + 5*v + 18. What are the prime factors of p(-12)?
5
Let f(l) be the third derivative of -1/6*l**4 + 0*l + 0 + 3*l**2 - l**3. What are the prime factors of f(-7)?
2, 11
Let w(h) = 5*h. Let a(j) = -j - 7. Let i be a(4). Let m = 13 + i. What are the prime factors of w(m)?
2, 5
Let b = -64 - -68. Suppose -i - b*j + j + 321 = 0, 641 = 2*i + 5*j. What are the prime factors of i?
2, 3, 53
Suppose -d = 2*f + d - 1552, 3*d = -2*f + 1549. List the prime factors of f.
19, 41
Let k(t) = t**2 + 7*t - 3. Let b = -9 - -3. Let v be k(b). List the prime factors of 12 + v + 2*2.
7
Let o = 5 - 8. Let l be (o - -5)/(2/4). Let d = 9 - l. List the prime factors of d.
5
Let v(y) = 54*y**2 + 3*y - 2. Let u(k) = 107*k**2 + 5*k - 4. Let t(p) = 4*u(p) - 7*v(p). List the prime factors of t(-1).
7
Suppose a = -5 - 0. Let s(l) = l**2 + 4*l - 5. Let f be s(a). Suppose 2*w + 0*w - 38 = f. List the prime factors of w.
19
Let y(b) = -268*b - 460. What are the prime factors of y(-8)?
2, 421
Suppose 3*u - 3 = 9. Let g(p) = 2*p - 6. Let t be g(u). Let s(x) = 12*x. List the prime factors of s(t).
2, 3
Let c be ((-16)/24)/(2/(-12)). Suppose -k - 208 = -6*k + f, -218 = -5*k - c*f. What are the prime factors of k?
2, 3, 7
Let o = 1021 - 870. List the prime factors of o.
151
Let t be (0 + 0)*(-1)/(-2). Suppose 2*k = t, -5*v + 9 = -2*v + 2*k. Suppose -v*q + 2*q = 2*s - 1, -8 = -3*q - s. What are the prime factors of q?
3
Suppose 50*g + 41345 = 158595. List the prime factors of g.
5, 7, 67
Suppose 3*y + 54 = -2*b, -b + 26 = -2*y - 10. Let s = y - -30. What are the prime factors of s?
2, 3
Suppose -5*y = -c - 2973, -5*y - 480 = 4*c - 3463. What are the prime factors of y?
5, 7, 17
Let f be 77/15 - (-10)/(-75). Suppose -3 - 3 = -2*c. Let k = c + f. What are the prime factors of k?
2
Let g(t) = 3*t + 1. Let l be g(1). Let p = 235 + -156. Suppose -35 = -x - l*b, -109 = -4*x - 4*b + p. List the prime factors of x.
3, 17
Let d(b) = 171*b**2 + 2 + b**3 + 0 - 32*b - 176*b**2 + 12*b. What are the prime factors of d(8)?
2, 17
Let s = 1428 + 327. List the prime factors of s.
3, 5, 13
Suppose 11*u = 17554 + 1311. List the prime factors of u.
5, 7
Suppose -q + 2436 = 3*q + 2*y, -20 = -5*y. List the prime factors of q.
607
Suppose 286*t + 3984 = 289*t. List the prime factors of t.
2, 83
Let v be 3/(-6) - 2/(-4). Suppose 4*u - 20 = -y + 25, v = 2*y + u - 76. Let m = -20 + y. List the prime factors of m.
17
Let y be (12/(-3) + 4)/2. Suppose y*w = -w - 2. What are the prime factors of 2*w/4 + 45?
2, 11
List the prime factors of 0 - -1685 - 160/(-16).
3, 5, 113
Suppose 4*g - 5*r - 5410 = 0, -3*r - 4 = -10. What are the prime factors of g?
5, 271
Suppose -568217 + 117083 = -142*l. What are the prime factors of l?
3, 353
Let a = -503 + 1035. What are the prime factors of a?
2, 7, 19
Suppose 0 = -43*b + 31233 + 49220. What are the prime factors of b?
1871
Let t = 31 + 11. Let s = 25 - 41. Let g = s + t. List the prime factors of g.
2, 13
Let b be 4/24 + (-946)/(-12). Let j = 129 - b. List the prime factors of j.
2, 5
Let d(m) = -50*m - 454. List the prime factors of d(-14).
2, 3, 41
Let h = 536 + -786. What are the prime factors of ((-1)/(2/4))/(20/h)?
5
Suppose -4*x = -8*x. Suppose x = -q - 0*q + u + 8, 4*q - 3*u = 33. Suppose -q*w - 31 = -10*w. List the prime factors of w.
31
Let n(s) = 19*s**2 + 8*s + 1 - 18 + 13*s**2 - 3*s**2. Let w(k) = 14*k**2 + 4*k - 8. Let i(a) = -4*n(a) + 9*w(a). What are the prime factors of i(2)?
2, 11
Let l = 2 - -1. Let i(s) = 3*s**3 - 5*s**3 + 2*s - 2 + 2*s + s**3 + l*s**2. List the prime factors of i(3).
2, 5
Suppose -5*y - 345 = -z, -3*y + 2*y = -2*z + 735. What are the prime factors of z?
2, 5, 37
Let k(g) = -g**3 - 26*g**2 - 23*g + 59. Let c be k(-25). What are the prime factors of 5/(10/4) - (c - 108)?
101
Let z = 19 + 33. Let f be z/8 + 2/4. Suppose -280 = -f*b - 0*b. List the prime factors of b.
2, 5
Let r(a) = a - 1. Let t be r(4). Suppose -t*k + 2*k = 3*m + 17, -4*m = 2*k + 24. List the prime factors of ((-31)/k)/(10/20).
31
Suppose -3*m - 18 = -4*n, -m - 2*m + 30 = 4*n. Let o be n/4*(-40)/12. What are the prime factors of (-1 - 1)*(o + 1)?
2
Suppose 29733 = 20*o - 3*o. What are the prime factors of o?
3, 11, 53
Suppose -5*r = -22 - 13. List the prime factors of 2/r + 439/7.
3, 7
Suppose -204 = 6*b - 1344. List the prime factors of b.
2, 5, 19
Suppose -47440 = -19*w - 21*w. List the prime factors of w.
2, 593
Let k = -9 - -11. Suppose k*w - 225 = -w. List the prime factors of w.
3, 5
Let a = 16 - 1. Let r = a + -11. Suppose -52 = -i - r*b, -4*b = -5*i + 221 - 57. What are the prime factors of i?
2, 3
Suppose 66 = 2*o + 4*o. Let j(s) = -s**3 + 11*s**2 + 9. Let r be j(o). Let k = r - 7. What are the prime factors of k?
2
Let a = 1442 + -1010. What are the prime factors of a?
2, 3
Suppose 1163*x = 1149*x + 19978. List the prime factors of x.
1427
Let p = 497 - 341. List the prime factors of ((-2)/4 + p/(-8))/(-2).
2, 5
Suppose 5*i = 228 + 232. Suppose -79*h + i = -78*h. List the prime factors of h.
2, 23
Let n(r) = -5*r + 488. List the prime factors of n(-25).
613
Let q(j) = j + 29. Suppose -l + 4 = 3*l. Let f(r) = -1. Let v(b) = l*q(b) + 4*f(b). What are the prime factors of v(0)?
5
Let k = 61 + -13. Suppose 150 - k = 2*z. What are the prime factors of z?
3, 17
Let g = 4 - 9. Let y = g - -3. Let s = 4 - y. List the prime factors of s.
2, 3
Let c be 2/(-9) + (-50065)/(-153). Let m = -173 + c. List the prime factors of m.
2, 7, 11
Suppose -2*x = -4*b, 0*x + x = b. Suppose x = -4*q - 4*i, 4*q + i - 3 = -0*i. Let r = q + 36. What are the prime factors of r?
37
Let n = 654 + 646. List the prime factors of n.
2, 5, 13
Let x = -9 + 15. Suppose -4*g + 184 = -2*y, -y + 235 = 5*g - x*y. What are the prime factors of g?
3, 5
Let c(g) = 7*g - 13. Let s(j) = -j. Let r(n) = -c(n) - 6*s(n). Let u(p) = -2*p**2 + 3*p. Let t be u(-2). What are the prime fact